e remainder when 880 is divided by 278?
46
What is the remainder when 334 is divided by 24?
22
Calculate the remainder when 562 is divided by 9.
4
Calculate the remainder when 3455 is divided by 34.
21
What is the remainder when 10797 is divided by 9?
6
Calculate the remainder when 287 is divided by 36.
35
What is the remainder when 128 is divided by 10?
8
Calculate the remainder when 56 is divided by 45.
11
Calculate the remainder when 653 is divided by 44.
37
Calculate the remainder when 6045 is divided by 27.
24
What is the remainder when 741 is divided by 44?
37
Calculate the remainder when 491 is divided by 159.
14
Calculate the remainder when 630 is divided by 64.
54
Calculate the remainder when 769 is divided by 71.
59
What is the remainder when 1503 is divided by 94?
93
What is the remainder when 15 is divided by 9?
6
Calculate the remainder when 254 is divided by 51.
50
Calculate the remainder when 785 is divided by 90.
65
What is the remainder when 4580 is divided by 5?
0
What is the remainder when 469 is divided by 47?
46
What is the remainder when 638 is divided by 40?
38
What is the remainder when 549 is divided by 79?
75
Calculate the remainder when 623 is divided by 13.
12
What is the remainder when 80 is divided by 22?
14
Calculate the remainder when 84 is divided by 8.
4
Calculate the remainder when 103 is divided by 15.
13
Calculate the remainder when 3749 is divided by 25.
24
Calculate the remainder when 567 is divided by 46.
15
Calculate the remainder when 417 is divided by 11.
10
Calculate the remainder when 94 is divided by 4.
2
What is the remainder when 526 is divided by 174?
4
What is the remainder when 41 is divided by 17?
7
What is the remainder when 872 is divided by 3?
2
What is the remainder when 159 is divided by 20?
19
Calculate the remainder when 71 is divided by 31.
9
What is the remainder when 327 is divided by 8?
7
What is the remainder when 1974 is divided by 99?
93
What is the remainder when 3339 is divided by 19?
14
What is the remainder when 784 is divided by 61?
52
What is the remainder when 130 is divided by 66?
64
What is the remainder when 91 is divided by 61?
30
What is the remainder when 89 is divided by 31?
27
What is the remainder when 29 is divided by 3?
2
Calculate the remainder when 118 is divided by 14.
6
What is the remainder when 206 is divided by 13?
11
Calculate the remainder when 958 is divided by 80.
78
Calculate the remainder when 617 is divided by 16.
9
What is the remainder when 2630 is divided by 56?
54
What is the remainder when 712 is divided by 707?
5
Calculate the remainder when 238 is divided by 117.
4
What is the remainder when 98 is divided by 26?
20
Calculate the remainder when 1234 is divided by 30.
4
Calculate the remainder when 296 is divided by 11.
10
What is the remainder when 352 is divided by 22?
0
What is the remainder when 265 is divided by 19?
18
Calculate the remainder when 118 is divided by 21.
13
What is the remainder when 1714 is divided by 45?
4
Calculate the remainder when 66 is divided by 14.
10
Calculate the remainder when 3436 is divided by 35.
6
Calculate the remainder when 31603 is divided by 129.
127
Calculate the remainder when 797 is divided by 50.
47
Calculate the remainder when 1862 is divided by 311.
307
What is the remainder when 646 is divided by 95?
76
What is the remainder when 259 is divided by 32?
3
What is the remainder when 166 is divided by 54?
4
What is the remainder when 1546 is divided by 381?
22
Calculate the remainder when 430 is divided by 27.
25
Calculate the remainder when 64 is divided by 27.
10
What is the remainder when 948 is divided by 134?
10
What is the remainder when 934 is divided by 30?
4
Calculate the remainder when 286 is divided by 24.
22
What is the remainder when 3963 is divided by 19?
11
Calculate the remainder when 688 is divided by 46.
44
Calculate the remainder when 729 is divided by 89.
17
What is the remainder when 239 is divided by 183?
56
What is the remainder when 492 is divided by 31?
27
Calculate the remainder when 130 is divided by 69.
61
Calculate the remainder when 124 is divided by 63.
61
What is the remainder when 9937 is divided by 10?
7
What is the remainder when 242 is divided by 26?
8
Calculate the remainder when 33 is divided by 4.
1
Calculate the remainder when 291 is divided by 21.
18
What is the remainder when 50 is divided by 20?
10
What is the remainder when 295 is divided by 72?
7
Calculate the remainder when 14 is divided by 3.
2
What is the remainder when 453 is divided by 35?
33
What is the remainder when 62 is divided by 61?
1
What is the remainder when 381 is divided by 77?
73
Calculate the remainder when 263 is divided by 92.
79
What is the remainder when 52 is divided by 20?
12
What is the remainder when 1304 is divided by 187?
182
Calculate the remainder when 125 is divided by 32.
29
Calculate the remainder when 3789 is divided by 17.
15
Calculate the remainder when 445 is divided by 338.
107
Calculate the remainder when 633 is divided by 164.
141
What is the remainder when 56 is divided by 8?
0
What is the remainder when 48 is divided by 2?
0
Calculate the remainder when 302 is divided by 24.
14
Calculate the remainder when 44 is divided by 3.
2
Calculate the remainder when 240 is divided by 61.
57
Calculate the remainder when 126 is divided by 34.
24
Calculate the remainder when 157 is divided by 52.
1
What is the remainder when 2480 is divided by 18?
14
Calculate the remainder when 645 is divided by 139.
89
What is the remainder when 85 is divided by 58?
27
Calculate the remainder when 140 is divided by 61.
18
What is the remainder when 1850 is divided by 109?
106
What is the remainder when 506 is divided by 129?
119
Calculate the remainder when 1230 is divided by 27.
15
What is the remainder when 7333 is divided by 193?
192
What is the remainder when 332 is divided by 57?
47
What is the remainder when 379 is divided by 70?
29
What is the remainder when 179 is divided by 27?
17
What is the remainder when 1294 is divided by 54?
52
What is the remainder when 191 is divided by 6?
5
Calculate the remainder when 497 is divided by 3.
2
Calculate the remainder when 132 is divided by 37.
21
What is the remainder when 174 is divided by 42?
6
What is the remainder when 46 is divided by 38?
8
Calculate the remainder when 3051 is divided by 1500.
51
What is the remainder when 794 is divided by 23?
12
What is the remainder when 290 is divided by 17?
1
Calculate the remainder when 8 is divided by 5.
3
What is the remainder when 497 is divided by 57?
41
What is the remainder when 1086 is divided by 34?
32
Calculate the remainder when 767 is divided by 222.
101
Calculate the remainder when 31 is divided by 12.
7
Calculate the remainder when 774 is divided by 209.
147
What is the remainder when 295 is divided by 20?
15
Calculate the remainder when 616 is divided by 62.
58
Calculate the remainder when 54 is divided by 26.
2
Calculate the remainder when 355 is divided by 20.
15
Calculate the remainder when 128 is divided by 66.
62
What is the remainder when 509 is divided by 165?
14
What is the remainder when 195 is divided by 177?
18
What is the remainder when 1437 is divided by 75?
12
Calculate the remainder when 195 is divided by 30.
15
Calculate the remainder when 165 is divided by 47.
24
What is the remainder when 34187 is divided by 263?
260
Calculate the remainder when 160 is divided by 99.
61
What is the remainder when 262 is divided by 25?
12
Calculate the remainder when 4752 is divided by 164.
160
Calculate the remainder when 716 is divided by 16.
12
What is the remainder when 4228 is divided by 24?
4
Calculate the remainder when 827 is divided by 50.
27
Calculate the remainder when 796 is divided by 2.
0
What is the remainder when 203 is divided by 23?
19
Calculate the remainder when 1466 is divided by 21.
17
What is the remainder when 291 is divided by 59?
55
What is the remainder when 1770 is divided by 10?
0
What is the remainder when 119 is divided by 110?
9
What is the remainder when 298 is divided by 100?
98
What is the remainder when 83 is divided by 29?
25
What is the remainder when 91 is divided by 47?
44
What is the remainder when 403 is divided by 76?
23
What is the remai